{"id":143,"date":"2019-03-06T19:11:11","date_gmt":"2019-03-06T18:11:11","guid":{"rendered":"http:\/\/gymmorges.ch\/gander\/?page_id=143"},"modified":"2025-12-11T13:05:01","modified_gmt":"2025-12-11T12:05:01","slug":"memorial-arthur-gander","status":"publish","type":"page","link":"https:\/\/arthurgander.ch\/gander\/","title":{"rendered":"M\u00e9morial Arthur Gander"},"content":{"rendered":"\n<p>Le prochain M\u00e9morial Arthur Gander aura lieu \u00e0 Chiasso le 5 novembre 2026 : <a href=\"https:\/\/memorialgander.ch\/\" target=\"_blank\" rel=\"noreferrer noopener\">site de Chiasso<\/a><\/p>\n\n\n\n<p><strong>Podium du 42\u00e8me M\u00e9morial Arthur Gander \u00e0 Morges : <\/strong><\/p>\n\n\n\n<figure class=\"wp-block-image size-large\"><img loading=\"lazy\" decoding=\"async\" width=\"1024\" height=\"683\" src=\"https:\/\/arthurgander.ch\/gander\/wp-content\/uploads\/2025\/11\/IMGS6698-1024x683.jpg\" alt=\"\" class=\"wp-image-1956\" srcset=\"https:\/\/arthurgander.ch\/gander\/wp-content\/uploads\/2025\/11\/IMGS6698-1024x683.jpg 1024w, https:\/\/arthurgander.ch\/gander\/wp-content\/uploads\/2025\/11\/IMGS6698-300x200.jpg 300w, https:\/\/arthurgander.ch\/gander\/wp-content\/uploads\/2025\/11\/IMGS6698-768x512.jpg 768w, https:\/\/arthurgander.ch\/gander\/wp-content\/uploads\/2025\/11\/IMGS6698-1536x1024.jpg 1536w, https:\/\/arthurgander.ch\/gander\/wp-content\/uploads\/2025\/11\/IMGS6698-2048x1366.jpg 2048w, https:\/\/arthurgander.ch\/gander\/wp-content\/uploads\/2025\/11\/IMGS6698-140x94.jpg 140w\" sizes=\"(max-width: 1024px) 100vw, 1024px\" \/><\/figure>\n\n\n\n<p>Photo : Etienne Arn<\/p>\n\n\n\n<p><strong>R\u00e9sultats du 42\u00e8me M\u00e9morial Arthur Gander :<\/strong><\/p>\n\n\n\n<div data-wp-interactive=\"\" class=\"wp-block-file\"><object data-wp-bind--hidden=\"!selectors.core.file.hasPdfPreview\" hidden class=\"wp-block-file__embed\" data=\"https:\/\/arthurgander.ch\/gander\/wp-content\/uploads\/2025\/11\/Memorial-Arthur-Gander-Results-2025.pdf\" type=\"application\/pdf\" style=\"width:100%;height:600px\" aria-label=\"Contenu embarqu\u00e9 Memorial-Arthur-Gander-Results-2025.\"><\/object><a id=\"wp-block-file--media-25b5ed19-ba76-40c5-8837-c0218b8ad6cb\" href=\"https:\/\/arthurgander.ch\/gander\/wp-content\/uploads\/2025\/11\/Memorial-Arthur-Gander-Results-2025.pdf\">Memorial-Arthur-Gander-Results-2025<\/a><a href=\"https:\/\/arthurgander.ch\/gander\/wp-content\/uploads\/2025\/11\/Memorial-Arthur-Gander-Results-2025.pdf\" class=\"wp-block-file__button wp-element-button\" download aria-describedby=\"wp-block-file--media-25b5ed19-ba76-40c5-8837-c0218b8ad6cb\">T\u00e9l\u00e9charger<\/a><\/div>\n\n\n\n<p>Le prochain M\u00e9morial Arthur Gander aura lieu \u00e0 Chiasso le mercredi 4 novembre 2026 ! <\/p>\n\n\n\n<div class=\"wp-block-buttons is-layout-flex wp-block-buttons-is-layout-flex\"><\/div>\n\n\n\n<p><\/p>\n\n\n\n<figure class=\"wp-block-image size-large\"><img loading=\"lazy\" decoding=\"async\" width=\"724\" height=\"1024\" src=\"https:\/\/arthurgander.ch\/gander\/wp-content\/uploads\/2025\/08\/GANDER_A4_8SPONSORS-724x1024.jpg\" alt=\"\" class=\"wp-image-1840\" srcset=\"https:\/\/arthurgander.ch\/gander\/wp-content\/uploads\/2025\/08\/GANDER_A4_8SPONSORS-724x1024.jpg 724w, https:\/\/arthurgander.ch\/gander\/wp-content\/uploads\/2025\/08\/GANDER_A4_8SPONSORS-212x300.jpg 212w, https:\/\/arthurgander.ch\/gander\/wp-content\/uploads\/2025\/08\/GANDER_A4_8SPONSORS-768x1086.jpg 768w, https:\/\/arthurgander.ch\/gander\/wp-content\/uploads\/2025\/08\/GANDER_A4_8SPONSORS-1086x1536.jpg 1086w, https:\/\/arthurgander.ch\/gander\/wp-content\/uploads\/2025\/08\/GANDER_A4_8SPONSORS-1448x2048.jpg 1448w, https:\/\/arthurgander.ch\/gander\/wp-content\/uploads\/2025\/08\/GANDER_A4_8SPONSORS-scaled.jpg 1810w\" sizes=\"(max-width: 724px) 100vw, 724px\" \/><\/figure>\n\n\n\n<hr class=\"wp-block-separator has-alpha-channel-opacity\"\/>\n\n\n\n<p><\/p>\n","protected":false},"excerpt":{"rendered":"<p>Le prochain M\u00e9morial Arthur Gander aura lieu \u00e0 Chiasso le 5 novembre 2026 : site de Chiasso Podium du 42\u00e8me M\u00e9morial Arthur Gander \u00e0 Morges : Photo : Etienne Arn R\u00e9sultats du 42\u00e8me M\u00e9morial Arthur Gander : Le prochain M\u00e9morial Arthur Gander aura lieu \u00e0 Chiasso le mercredi 4 novembre 2026 !<\/p>\n","protected":false},"author":1,"featured_media":0,"parent":0,"menu_order":0,"comment_status":"closed","ping_status":"closed","template":"","meta":{"footnotes":""},"_links":{"self":[{"href":"https:\/\/arthurgander.ch\/gander\/wp-json\/wp\/v2\/pages\/143"}],"collection":[{"href":"https:\/\/arthurgander.ch\/gander\/wp-json\/wp\/v2\/pages"}],"about":[{"href":"https:\/\/arthurgander.ch\/gander\/wp-json\/wp\/v2\/types\/page"}],"author":[{"embeddable":true,"href":"https:\/\/arthurgander.ch\/gander\/wp-json\/wp\/v2\/users\/1"}],"replies":[{"embeddable":true,"href":"https:\/\/arthurgander.ch\/gander\/wp-json\/wp\/v2\/comments?post=143"}],"version-history":[{"count":62,"href":"https:\/\/arthurgander.ch\/gander\/wp-json\/wp\/v2\/pages\/143\/revisions"}],"predecessor-version":[{"id":1964,"href":"https:\/\/arthurgander.ch\/gander\/wp-json\/wp\/v2\/pages\/143\/revisions\/1964"}],"wp:attachment":[{"href":"https:\/\/arthurgander.ch\/gander\/wp-json\/wp\/v2\/media?parent=143"}],"curies":[{"name":"wp","href":"https:\/\/api.w.org\/{rel}","templated":true}]}}