{"id":130,"date":"2019-03-06T16:29:17","date_gmt":"2019-03-06T15:29:17","guid":{"rendered":"http:\/\/gymmorges.ch\/gander\/?page_id=130"},"modified":"2023-03-01T19:33:50","modified_gmt":"2023-03-01T18:33:50","slug":"historique","status":"publish","type":"page","link":"https:\/\/arthurgander.ch\/gander\/historique\/","title":{"rendered":"Historique"},"content":{"rendered":"\n<h3 class=\"wp-block-heading\">C&rsquo;est en 1984 \u00e0 Chiasso qu&rsquo;est cr\u00e9\u00e9 le M\u00e9morial Arthur Gander en hommage au pr\u00e9sident de la F\u00e9d\u00e9ration internationale et membre de la soci\u00e9t\u00e9 tessinoise.<\/h3>\n\n\n<div class=\"wp-block-image\">\n<figure class=\"alignright\"><a href=\"http:\/\/www.gymmorges.ch\/MemorialGander\/wp-content\/uploads\/2013\/03\/ArthurGander.jpg\"><img decoding=\"async\" src=\"http:\/\/www.gymmorges.ch\/MemorialGander\/wp-content\/uploads\/2013\/03\/ArthurGander.jpg\" alt=\"Arthur Gander\" class=\"wp-image-71\"\/><\/a><\/figure><\/div>\n\n\n<p>N\u00e9 \u00e0 Berne, Arthur Gander passe toute sa jeunesse \u00e0 Chippis avant de s&rsquo;\u00e9tablir au Tessin. Il fut durant de nombreuses ann\u00e9es la cheville ouvri\u00e8re de la section de Chiasso et inspecteur cantonal. Avant de devenir le pilier technique du comit\u00e9 de la Soci\u00e9t\u00e9 f\u00e9d\u00e9rale de gymnastique (SFG).<\/p>\n\n\n\n<p>Sur le plan mondial, Arthur Gander eut un rayonnement consid\u00e9rable. Il fut tour \u00e0 tour secr\u00e9taire, vice-pr\u00e9sident et pr\u00e9sident du Comit\u00e9 technique international (FIG) puis, durant une d\u00e9cennie, assuma la pr\u00e9sidence de cette importante organisation plan\u00e9taire.<\/p>\n\n\n\n<p>Ses incomparables connaissances techniques et sa haute autorit\u00e9 furent unanimement et mondialement reconnues. Il fit \u0153uvre de pionnier en cr\u00e9ant le premier Code de pointage, livre de chevet des juges en gymnastique artistique. C&rsquo;est encore lui qui organisa \u00e0 Zurich, en 1964, le premier cours mondial pour juges.<\/p>\n\n\n\n<p>Pour exprimer leur gratitude et manifester la tr\u00e8s haute estime dans laquelle ils tiennent leur ancien ma\u00eetre, les gymnastes de Chiasso cr\u00e9\u00e8rent, voil\u00e0 d\u00e9j\u00e0 seize ans, le M\u00e9morial Arthur Gander.<\/p>\n\n\n\n<p>Les solides liens d&rsquo;amiti\u00e9 qui lient la soci\u00e9t\u00e9 de Chiasso \u00e0 celle de Montreux permirent \u00e0 cette manifestation de niveau mondial d&rsquo;\u00eatre organis\u00e9e en alternance dans ces deux villes.<\/p>\n\n\n\n<p>La section de Montreux ne souhaitant plus assurer l&rsquo;organisation d&rsquo;une manifestation de cette ampleur, approch\u00e9s par les organisateurs tessinois et la F\u00e9d\u00e9ration suisse, les dirigeants morgiens ont accept\u00e9 avec enthousiasme de relever le d\u00e9fi. Accueillir tous les deux ans, pour un tournoi, quelques-uns parmi les meilleurs gymnastes de la plan\u00e8te.<\/p>\n","protected":false},"excerpt":{"rendered":"<p>C&rsquo;est en 1984 \u00e0 Chiasso qu&rsquo;est cr\u00e9\u00e9 le M\u00e9morial Arthur Gander en hommage au pr\u00e9sident de la F\u00e9d\u00e9ration internationale et membre de la soci\u00e9t\u00e9 tessinoise. N\u00e9 \u00e0 Berne, Arthur Gander passe toute sa jeunesse \u00e0 Chippis avant de s&rsquo;\u00e9tablir au Tessin. Il fut durant de nombreuses ann\u00e9es la cheville ouvri\u00e8re de la section de Chiasso [&hellip;]<\/p>\n","protected":false},"author":1,"featured_media":0,"parent":0,"menu_order":0,"comment_status":"closed","ping_status":"closed","template":"","meta":{"footnotes":""},"_links":{"self":[{"href":"https:\/\/arthurgander.ch\/gander\/wp-json\/wp\/v2\/pages\/130"}],"collection":[{"href":"https:\/\/arthurgander.ch\/gander\/wp-json\/wp\/v2\/pages"}],"about":[{"href":"https:\/\/arthurgander.ch\/gander\/wp-json\/wp\/v2\/types\/page"}],"author":[{"embeddable":true,"href":"https:\/\/arthurgander.ch\/gander\/wp-json\/wp\/v2\/users\/1"}],"replies":[{"embeddable":true,"href":"https:\/\/arthurgander.ch\/gander\/wp-json\/wp\/v2\/comments?post=130"}],"version-history":[{"count":2,"href":"https:\/\/arthurgander.ch\/gander\/wp-json\/wp\/v2\/pages\/130\/revisions"}],"predecessor-version":[{"id":860,"href":"https:\/\/arthurgander.ch\/gander\/wp-json\/wp\/v2\/pages\/130\/revisions\/860"}],"wp:attachment":[{"href":"https:\/\/arthurgander.ch\/gander\/wp-json\/wp\/v2\/media?parent=130"}],"curies":[{"name":"wp","href":"https:\/\/api.w.org\/{rel}","templated":true}]}}